alculate the greatest common factor of 25783 and 3611.
23
Calculate the highest common factor of 8832 and 6486.
138
What is the highest common divisor of 101 and 530351?
101
Calculate the greatest common factor of 22 and 11539.
11
What is the highest common divisor of 5148 and 246532?
572
What is the highest common divisor of 5170 and 30?
10
Calculate the greatest common factor of 15380 and 620.
20
What is the greatest common factor of 224 and 17129?
7
Calculate the greatest common factor of 23485 and 6193.
11
Calculate the greatest common divisor of 88 and 187583.
11
What is the highest common divisor of 221029 and 166?
83
Calculate the highest common factor of 214 and 324.
2
Calculate the highest common factor of 6240 and 470.
10
Calculate the highest common factor of 742 and 349694.
106
Calculate the highest common divisor of 236259 and 72.
9
Calculate the greatest common divisor of 181 and 9593.
181
What is the greatest common divisor of 390624 and 8?
8
Calculate the greatest common divisor of 9 and 21828.
3
What is the greatest common factor of 179968 and 10360?
296
What is the greatest common divisor of 240 and 14448?
48
Calculate the greatest common factor of 4980 and 705.
15
Calculate the highest common factor of 828 and 6532.
92
What is the highest common divisor of 112 and 15309?
7
What is the highest common divisor of 1496 and 17?
17
What is the highest common divisor of 87 and 2523522?
87
What is the highest common divisor of 53568 and 41416?
248
What is the greatest common divisor of 360 and 1272480?
120
What is the highest common factor of 10797 and 708?
177
Calculate the highest common factor of 25686 and 18.
18
What is the greatest common divisor of 1584 and 1408?
176
What is the highest common divisor of 724 and 188?
4
What is the greatest common factor of 403 and 165137?
31
Calculate the highest common factor of 90871 and 418.
11
What is the greatest common divisor of 957 and 2901?
3
What is the greatest common factor of 48 and 55092?
12
What is the highest common divisor of 53541 and 1322?
661
What is the greatest common factor of 212 and 390928?
212
What is the greatest common divisor of 659628 and 8?
4
What is the highest common divisor of 172033 and 1775?
71
Calculate the highest common factor of 1102 and 8056.
38
What is the greatest common divisor of 472124 and 689?
53
What is the greatest common divisor of 445 and 25235?
5
Calculate the highest common divisor of 148115 and 33.
11
Calculate the highest common factor of 1638441 and 189.
189
What is the greatest common divisor of 43684 and 978?
326
Calculate the greatest common divisor of 24 and 8724.
12
What is the greatest common factor of 122 and 1313940?
122
Calculate the greatest common factor of 62910 and 52110.
270
Calculate the highest common factor of 72 and 351672.
24
Calculate the greatest common divisor of 84066 and 528.
6
What is the highest common divisor of 22899 and 10776?
1347
Calculate the highest common divisor of 238752 and 288.
288
Calculate the greatest common divisor of 108 and 70722.
18
What is the greatest common factor of 1235 and 15105?
95
Calculate the greatest common factor of 45 and 74196.
9
What is the highest common factor of 685929 and 6?
3
What is the greatest common divisor of 189 and 378?
189
Calculate the highest common divisor of 4730 and 495.
55
Calculate the greatest common divisor of 78 and 2916.
6
What is the greatest common divisor of 11510 and 321129?
1151
Calculate the highest common factor of 3193512 and 48.
24
Calculate the greatest common factor of 115543 and 227.
227
Calculate the greatest common divisor of 481839 and 183.
183
Calculate the highest common divisor of 17694 and 288.
18
What is the highest common factor of 65628 and 1?
1
Calculate the highest common divisor of 90430 and 40.
10
Calculate the highest common divisor of 186 and 135346.
62
Calculate the greatest common divisor of 255 and 32232.
51
What is the highest common factor of 758 and 686?
2
What is the greatest common factor of 216844 and 184?
92
Calculate the greatest common divisor of 162578 and 1352.
338
What is the highest common factor of 1792 and 14126?
14
What is the greatest common divisor of 658 and 15698?
94
What is the greatest common factor of 12 and 9404?
4
Calculate the greatest common factor of 37211 and 508.
127
What is the greatest common factor of 19024 and 176?
16
What is the highest common divisor of 1470 and 94?
2
What is the greatest common divisor of 14668 and 7720?
772
Calculate the highest common factor of 30239 and 154.
11
Calculate the greatest common factor of 1745058 and 42.
42
Calculate the highest common divisor of 51476 and 238.
34
What is the highest common factor of 805625 and 625?
625
What is the greatest common divisor of 135 and 249495?
15
Calculate the greatest common factor of 422 and 83134.
422
What is the highest common factor of 288 and 24544?
32
Calculate the greatest common factor of 49 and 7994.
7
Calculate the greatest common factor of 900 and 7120200.
300
Calculate the greatest common factor of 384 and 3168.
96
What is the greatest common divisor of 257418 and 1816?
454
Calculate the greatest common divisor of 6526 and 52.
26
Calculate the highest common divisor of 1893 and 63.
3
What is the greatest common divisor of 4257 and 4224?
33
Calculate the greatest common factor of 2037 and 518659.
97
Calculate the highest common factor of 7381 and 4235.
121
What is the highest common divisor of 8437 and 290147?
143
What is the highest common divisor of 138 and 7752?
6
What is the greatest common factor of 9943 and 47107?
163
What is the greatest common divisor of 94 and 270532?
94
Calculate the highest common factor of 1307129 and 2973.
991
Calculate the highest common divisor of 2547990 and 585.
45
What is the greatest common divisor of 57986 and 158?
158
What is the greatest common divisor of 106132 and 208?
52
Calculate the highest common factor of 246 and 2143398.
246
Calculate the highest common divisor of 1008 and 2400.
48
Calculate the greatest common divisor of 324 and 300.
12
What is the greatest common divisor of 2 and 808978?
2
Calculate the highest common factor of 141 and 726197.
47
What is the highest common factor of 62736 and 64?
16
Calculate the highest common divisor of 669 and 87.
3
What is the highest common divisor of 126 and 1152?
18
Calculate the highest common factor of 6799 and 2249.
13
What is the greatest common factor of 21879690 and 35?
35
What is the greatest common factor of 902832 and 42?
42
Calculate the greatest common divisor of 22080 and 10480.
80
What is the highest common divisor of 102 and 15534?
6
Calculate the greatest common factor of 364 and 9880.
52
Calculate the greatest common divisor of 35650 and 13225.
575
What is the highest common divisor of 1057 and 29898?
151
What is the highest common factor of 1520 and 20064?
304
What is the greatest common factor of 301 and 5504?
43
Calculate the greatest common factor of 8 and 8266432.
8
Calculate the greatest common divisor of 34 and 133382.
34
Calculate the greatest common divisor of 642516 and 84.
84
Calculate the greatest common divisor of 1652 and 767.
59
Calculate the greatest common divisor of 2925132 and 168.
84
Calculate the greatest common factor of 1285 and 550237.
257
What is the highest common divisor of 196 and 1092?
28
What is the greatest common divisor of 871955 and 7?
7
What is the highest common factor of 17 and 15385?
17
Calculate the greatest common divisor of 2198 and 10519.
157
Calculate the highest common divisor of 714 and 763.
7
What is the greatest common divisor of 244 and 157868?
244
Calculate the highest common divisor of 36 and 18962820.
36
What is the greatest common factor of 153 and 6664?
17
Calculate the highest common divisor of 109 and 49922.
109
Calculate the greatest common divisor of 4635 and 45.
45
What is the highest common divisor of 1151 and 5139215?
1151
What is the greatest common factor of 32155 and 17405?
295
Calculate the highest common factor of 1155804 and 372.
372
Calculate the greatest common divisor of 24257 and 5969.
127
Calculate the highest common divisor of 896 and 1372.
28
What is the highest common divisor of 2 and 178?
2
What is the highest common factor of 410508